{"id":2714,"date":"2023-07-05T12:37:20","date_gmt":"2023-07-05T11:37:20","guid":{"rendered":"https:\/\/www.casa-frayola.nl\/nieuw\/?page_id=2714"},"modified":"2023-07-05T13:15:26","modified_gmt":"2023-07-05T12:15:26","slug":"valencia-3","status":"publish","type":"page","link":"https:\/\/www.casa-frayola.nl\/nieuw\/valencia-3\/","title":{"rendered":"Valencia"},"content":{"rendered":"<div id=\"pl-2714\"  class=\"panel-layout\" ><div id=\"pg-2714-0\"  class=\"panel-grid panel-no-style\" ><div id=\"pgc-2714-0-0\"  class=\"panel-grid-cell\" ><\/div><\/div><div id=\"pg-2714-1\"  class=\"panel-grid panel-has-style\" ><div class=\"siteorigin-panels-stretch panel-row-style panel-row-style-for-2714-1\" data-stretch-type=\"full-stretched\" ><div id=\"pgc-2714-1-0\"  class=\"panel-grid-cell\" ><div id=\"panel-2714-1-0-0\" class=\"so-panel widget widget_sow-editor panel-first-child panel-last-child\" data-index=\"1\" ><div\n\t\t\t\n\t\t\tclass=\"so-widget-sow-editor so-widget-sow-editor-base\"\n\t\t\t\n\t\t>\n<div class=\"siteorigin-widget-tinymce textwidget\">\n\t<h2 class=\"title\" style=\"text-align: center;\"><span class=\"lead solid-color\"><span style=\"color: #ff6600;\">HISTORISCH STADSCENTRUM<\/span> <span style=\"color: #993366;\">- MODERNE STAD -<\/span><\/span>&nbsp;<span style=\"color: #ff6600;\">EXTREEM LANG STADSPARK<\/span><\/h2>\n<\/div>\n<\/div><\/div><\/div><\/div><\/div><div id=\"pg-2714-2\"  class=\"panel-grid panel-has-style\" ><div class=\"siteorigin-panels-stretch panel-row-style panel-row-style-for-2714-2\" data-stretch-type=\"full\" ><div id=\"pgc-2714-2-0\"  class=\"panel-grid-cell\" ><div id=\"panel-2714-2-0-0\" class=\"so-panel widget widget_sow-editor panel-first-child\" data-index=\"2\" ><div\n\t\t\t\n\t\t\tclass=\"so-widget-sow-editor so-widget-sow-editor-base\"\n\t\t\t\n\t\t><h3 class=\"widget-title\">Geboorteplaats van de paella<\/h3>\n<div class=\"siteorigin-widget-tinymce textwidget\">\n\t<p>Op een uur rijden van casa Frayola ligt de op twee na grootste stad van Spanje, Valencia. De stad staat ook wel bekend als geboorteplaats van de paella. Tot voor kort stond Valencia nog in de (toeristische) schaduw van de trekpleisters Madrid en Barcelona. Maar inmiddels hebben steeds meer buitenlanders deze zeer aantrekkelijke havenstad ontdekt. Vooral ook omdat de stad een fraaie mix laat zien tussen historie en modernisme.<\/p>\n<\/div>\n<\/div><\/div><div id=\"panel-2714-2-0-1\" class=\"so-panel widget widget_sow-editor\" data-index=\"3\" ><div\n\t\t\t\n\t\t\tclass=\"so-widget-sow-editor so-widget-sow-editor-base\"\n\t\t\t\n\t\t><h3 class=\"widget-title\">Romaans, Gotisch en Moors<\/h3>\n<div class=\"siteorigin-widget-tinymce textwidget\">\n\t<p>Zo is er een historisch centrum met vele bezienswaardigheden, waaronder een bijzondere kathedraal, basiliek, markthal, stierenvechtenarena en stadspoort, die verschillende stijlen uit de Spaanse geschiedenis vertegenwoordigen (Romaans, Gotisch en Moors). Er bevinden zich vele pleinen met gezellige terrasjes en restaurants tussen deze historische gebouwen. Alles ligt op loopafstand van elkaar.<\/p>\n<\/div>\n<\/div><\/div><div id=\"panel-2714-2-0-2\" class=\"so-panel widget widget_sow-button panel-last-child\" data-index=\"4\" ><div\n\t\t\t\n\t\t\tclass=\"so-widget-sow-button so-widget-sow-button-flat-f54c0409268f-2714\"\n\t\t\t\n\t\t><div class=\"ow-button-base ow-button-align-center\">\n\t\t\t<a\n\t\t\t\t\thref=\"https:\/\/www.steden.net\/spanje\/valencia\/\"\n\t\t\t\t\tclass=\"sowb-button ow-icon-placement-left ow-button-hover\" target=\"_blank\" rel=\"noopener noreferrer\" \t>\n\t\t<span>\n\t\t\t\n\t\t\tLees meer over Valencia\t\t<\/span>\n\t\t\t<\/a>\n\t<\/div>\n<\/div><\/div><\/div><div id=\"pgc-2714-2-1\"  class=\"panel-grid-cell\" ><div id=\"panel-2714-2-1-0\" class=\"so-panel widget widget_sow-editor panel-first-child\" data-index=\"5\" ><div\n\t\t\t\n\t\t\tclass=\"so-widget-sow-editor so-widget-sow-editor-base\"\n\t\t\t\n\t\t><h3 class=\"widget-title\">Stad van Kunst en Wetenschap<\/h3>\n<div class=\"siteorigin-widget-tinymce textwidget\">\n\t<p>De moderne uitstraling van Valencia is terug te vinden in de Stad van Kunst en Wetenschap, La Ciudad de las Artes y las Ciencias, ontworpen door de fameuze Valenciaanse architect Santiago Calatrava. Het complex herbergt onder andere een wetenschapsmuseum, het grootste aquarium van Europa, een operagebouw en een digitale 3D-bioscoop met een groot gebogen IMAX-beeldscherm.<\/p>\n<\/div>\n<\/div><\/div><div id=\"panel-2714-2-1-1\" class=\"so-panel widget widget_sow-editor\" data-index=\"6\" ><div\n\t\t\t\n\t\t\tclass=\"so-widget-sow-editor so-widget-sow-editor-base\"\n\t\t\t\n\t\t><h3 class=\"widget-title\">Stadspark in droog gelegde rivierbedding<\/h3>\n<div class=\"siteorigin-widget-tinymce textwidget\">\n\t<p>De Stad van Kunst en Wetenschap is het begin- of eindpunt van een 9 kilometer lang park, dat in de droog gelegde rivierbedding van de rivier Turia is aangelegd. Wandelen of fietsen is een \u2018must\u2019 in dit park. Er zijn overigens maar weinig spots voor een hapje en drankje. Maar eigenlijk is het ook leuker om een eigen picknickpakketje mee te nemen en op \u00e9\u00e9n van de vele bankjes of grasvelden te gaan zitten.<\/p>\n<\/div>\n<\/div><\/div><div id=\"panel-2714-2-1-2\" class=\"so-panel widget widget_sow-button panel-last-child\" data-index=\"7\" ><div\n\t\t\t\n\t\t\tclass=\"so-widget-sow-button so-widget-sow-button-flat-f54c0409268f-2714\"\n\t\t\t\n\t\t><div class=\"ow-button-base ow-button-align-center\">\n\t\t\t<a\n\t\t\t\t\thref=\"https:\/\/www.casa-frayola.nl\/nieuw\/omgeving-2\/\"\n\t\t\t\t\tclass=\"sowb-button ow-icon-placement-left ow-button-hover\" \t>\n\t\t<span>\n\t\t\t\n\t\t\tLees meer over de omgeving\t\t<\/span>\n\t\t\t<\/a>\n\t<\/div>\n<\/div><\/div><\/div><\/div><\/div><div id=\"pg-2714-3\"  class=\"panel-grid panel-has-style\" ><div class=\"siteorigin-panels-stretch panel-row-style panel-row-style-for-2714-3\" data-stretch-type=\"full-stretched\" ><div id=\"pgc-2714-3-0\"  class=\"panel-grid-cell\" ><div id=\"panel-2714-3-0-0\" class=\"so-panel widget widget_sow-editor panel-first-child panel-last-child\" data-index=\"8\" ><div\n\t\t\t\n\t\t\tclass=\"so-widget-sow-editor so-widget-sow-editor-base\"\n\t\t\t\n\t\t>\n<div class=\"siteorigin-widget-tinymce textwidget\">\n\t<h2 class=\"title\" style=\"text-align: center;\"><span class=\"lead solid-color\"><span style=\"color: #ff6600;\">TRADITIES<\/span> <span style=\"color: #993366;\">-<\/span><\/span><span style=\"color: #993366;\">&nbsp;FEESTDAGEN<\/span><\/h2>\n<\/div>\n<\/div><\/div><\/div><\/div><\/div><div id=\"pg-2714-4\"  class=\"panel-grid panel-no-style\" ><div id=\"pgc-2714-4-0\"  class=\"panel-grid-cell\" ><\/div><div id=\"pgc-2714-4-1\"  class=\"panel-grid-cell\" ><div id=\"panel-2714-4-1-0\" class=\"so-panel widget widget_sow-editor panel-first-child\" data-index=\"10\" ><div\n\t\t\t\n\t\t\tclass=\"so-widget-sow-editor so-widget-sow-editor-base\"\n\t\t\t\n\t\t><h3 class=\"widget-title\">Festiviteiten in Valencia<\/h3>\n<div class=\"siteorigin-widget-tinymce textwidget\">\n\t<p>Vanaf maart tot en met oktober zijn er vele festivals en evenementen in Valencia: een festival met Andalusische paarden en Flamenco muziek, een tapas- en wijnfestival en het juli-festival met onder andere veel openluchtconcerten (sommige zijn gratis).<br \/>\nHet grootste en bekendste feest&nbsp; is Las Fallas. Duizenden mensen van over de hele wereld bezoeken de stad om dit fantastische, bizarre evenement mee te maken. Overal in de stad vind je muziekoptredens, dj\u2019s, paella-kookwedstrijden, churros en h\u00e9\u00e9l v\u00e9\u00e9l vuurwerk. In het weekend zijn er veel optochten met verschillende thema\u2019s, die worden afgesloten met mascletas en vuurwerk.<br \/>\n&nbsp;<\/p>\n<\/div>\n<\/div><\/div><div id=\"panel-2714-4-1-1\" class=\"so-panel widget widget_sow-button panel-last-child\" data-index=\"11\" ><div\n\t\t\t\n\t\t\tclass=\"so-widget-sow-button so-widget-sow-button-flat-f54c0409268f-2714\"\n\t\t\t\n\t\t><div class=\"ow-button-base ow-button-align-center\">\n\t\t\t<a\n\t\t\t\t\thref=\"https:\/\/www.fallasfestival.nl\/\"\n\t\t\t\t\tclass=\"sowb-button ow-icon-placement-left ow-button-hover\" target=\"_blank\" rel=\"noopener noreferrer\" \t>\n\t\t<span>\n\t\t\t\n\t\t\tLees meer Las Fallas\t\t<\/span>\n\t\t\t<\/a>\n\t<\/div>\n<\/div><\/div><\/div><\/div><\/div>","protected":false},"excerpt":{"rendered":"<p>HISTORISCH STADSCENTRUM &#8211; MODERNE STAD &#8211;&nbsp;EXTREEM LANG STADSPARK<\/p>\n","protected":false},"author":5,"featured_media":0,"parent":0,"menu_order":0,"comment_status":"closed","ping_status":"closed","template":"template-fullwidth.php","meta":{"ngg_post_thumbnail":0,"jetpack_post_was_ever_published":false,"footnotes":""},"class_list":["post-2714","page","type-page","status-publish","hentry"],"jetpack_sharing_enabled":true,"jetpack_shortlink":"https:\/\/wp.me\/P5nf13-HM","_links":{"self":[{"href":"https:\/\/www.casa-frayola.nl\/nieuw\/wp-json\/wp\/v2\/pages\/2714","targetHints":{"allow":["GET"]}}],"collection":[{"href":"https:\/\/www.casa-frayola.nl\/nieuw\/wp-json\/wp\/v2\/pages"}],"about":[{"href":"https:\/\/www.casa-frayola.nl\/nieuw\/wp-json\/wp\/v2\/types\/page"}],"author":[{"embeddable":true,"href":"https:\/\/www.casa-frayola.nl\/nieuw\/wp-json\/wp\/v2\/users\/5"}],"replies":[{"embeddable":true,"href":"https:\/\/www.casa-frayola.nl\/nieuw\/wp-json\/wp\/v2\/comments?post=2714"}],"version-history":[{"count":6,"href":"https:\/\/www.casa-frayola.nl\/nieuw\/wp-json\/wp\/v2\/pages\/2714\/revisions"}],"predecessor-version":[{"id":2755,"href":"https:\/\/www.casa-frayola.nl\/nieuw\/wp-json\/wp\/v2\/pages\/2714\/revisions\/2755"}],"wp:attachment":[{"href":"https:\/\/www.casa-frayola.nl\/nieuw\/wp-json\/wp\/v2\/media?parent=2714"}],"curies":[{"name":"wp","href":"https:\/\/api.w.org\/{rel}","templated":true}]}}

<div id="pl-2714"  class="panel-layout" ><div id="pg-2714-0"  class="panel-grid panel-no-style" ><div id="pgc-2714-0-0"  class="panel-grid-cell" ></div></div><div id="pg-2714-1"  class="panel-grid panel-has-style" ><div class="siteorigin-panels-stretch panel-row-style panel-row-style-for-2714-1" data-stretch-type="full-stretched" ><div id="pgc-2714-1-0"  class="panel-grid-cell" ><div id="panel-2714-1-0-0" class="so-panel widget widget_sow-editor panel-first-child panel-last-child" data-index="1" ><div
			
			class="so-widget-sow-editor so-widget-sow-editor-base"
			
		>
<div class="siteorigin-widget-tinymce textwidget">
	<h2 class="title" style="text-align: center;"><span class="lead solid-color"><span style="color: #ff6600;">HISTORISCH STADSCENTRUM</span> <span style="color: #993366;">- MODERNE STAD -</span></span>&nbsp;<span style="color: #ff6600;">EXTREEM LANG STADSPARK</span></h2>
</div>
</div></div></div></div></div><div id="pg-2714-2"  class="panel-grid panel-has-style" ><div class="siteorigin-panels-stretch panel-row-style panel-row-style-for-2714-2" data-stretch-type="full" ><div id="pgc-2714-2-0"  class="panel-grid-cell" ><div id="panel-2714-2-0-0" class="so-panel widget widget_sow-editor panel-first-child" data-index="2" ><div
			
			class="so-widget-sow-editor so-widget-sow-editor-base"
			
		><h3 class="widget-title">Geboorteplaats van de paella</h3>
<div class="siteorigin-widget-tinymce textwidget">
	<p>Op een uur rijden van casa Frayola ligt de op twee na grootste stad van Spanje, Valencia. De stad staat ook wel bekend als geboorteplaats van de paella. Tot voor kort stond Valencia nog in de (toeristische) schaduw van de trekpleisters Madrid en Barcelona. Maar inmiddels hebben steeds meer buitenlanders deze zeer aantrekkelijke havenstad ontdekt. Vooral ook omdat de stad een fraaie mix laat zien tussen historie en modernisme.</p>
</div>
</div></div><div id="panel-2714-2-0-1" class="so-panel widget widget_sow-editor" data-index="3" ><div
			
			class="so-widget-sow-editor so-widget-sow-editor-base"
			
		><h3 class="widget-title">Romaans, Gotisch en Moors</h3>
<div class="siteorigin-widget-tinymce textwidget">
	<p>Zo is er een historisch centrum met vele bezienswaardigheden, waaronder een bijzondere kathedraal, basiliek, markthal, stierenvechtenarena en stadspoort, die verschillende stijlen uit de Spaanse geschiedenis vertegenwoordigen (Romaans, Gotisch en Moors). Er bevinden zich vele pleinen met gezellige terrasjes en restaurants tussen deze historische gebouwen. Alles ligt op loopafstand van elkaar.</p>
</div>
</div></div><div id="panel-2714-2-0-2" class="so-panel widget widget_sow-button panel-last-child" data-index="4" ><div
			
			class="so-widget-sow-button so-widget-sow-button-flat-f54c0409268f-2714"
			
		><div class="ow-button-base ow-button-align-center">
			<a
					href="https://www.steden.net/spanje/valencia/"
					class="sowb-button ow-icon-placement-left ow-button-hover" target="_blank" rel="noopener noreferrer" 	>
		<span>
			
			Lees meer over Valencia		</span>
			</a>
	</div>
</div></div></div><div id="pgc-2714-2-1"  class="panel-grid-cell" ><div id="panel-2714-2-1-0" class="so-panel widget widget_sow-editor panel-first-child" data-index="5" ><div
			
			class="so-widget-sow-editor so-widget-sow-editor-base"
			
		><h3 class="widget-title">Stad van Kunst en Wetenschap</h3>
<div class="siteorigin-widget-tinymce textwidget">
	<p>De moderne uitstraling van Valencia is terug te vinden in de Stad van Kunst en Wetenschap, La Ciudad de las Artes y las Ciencias, ontworpen door de fameuze Valenciaanse architect Santiago Calatrava. Het complex herbergt onder andere een wetenschapsmuseum, het grootste aquarium van Europa, een operagebouw en een digitale 3D-bioscoop met een groot gebogen IMAX-beeldscherm.</p>
</div>
</div></div><div id="panel-2714-2-1-1" class="so-panel widget widget_sow-editor" data-index="6" ><div
			
			class="so-widget-sow-editor so-widget-sow-editor-base"
			
		><h3 class="widget-title">Stadspark in droog gelegde rivierbedding</h3>
<div class="siteorigin-widget-tinymce textwidget">
	<p>De Stad van Kunst en Wetenschap is het begin- of eindpunt van een 9 kilometer lang park, dat in de droog gelegde rivierbedding van de rivier Turia is aangelegd. Wandelen of fietsen is een ‘must’ in dit park. Er zijn overigens maar weinig spots voor een hapje en drankje. Maar eigenlijk is het ook leuker om een eigen picknickpakketje mee te nemen en op één van de vele bankjes of grasvelden te gaan zitten.</p>
</div>
</div></div><div id="panel-2714-2-1-2" class="so-panel widget widget_sow-button panel-last-child" data-index="7" ><div
			
			class="so-widget-sow-button so-widget-sow-button-flat-f54c0409268f-2714"
			
		><div class="ow-button-base ow-button-align-center">
			<a
					href="https://www.casa-frayola.nl/nieuw/omgeving-2/"
					class="sowb-button ow-icon-placement-left ow-button-hover" 	>
		<span>
			
			Lees meer over de omgeving		</span>
			</a>
	</div>
</div></div></div></div></div><div id="pg-2714-3"  class="panel-grid panel-has-style" ><div class="siteorigin-panels-stretch panel-row-style panel-row-style-for-2714-3" data-stretch-type="full-stretched" ><div id="pgc-2714-3-0"  class="panel-grid-cell" ><div id="panel-2714-3-0-0" class="so-panel widget widget_sow-editor panel-first-child panel-last-child" data-index="8" ><div
			
			class="so-widget-sow-editor so-widget-sow-editor-base"
			
		>
<div class="siteorigin-widget-tinymce textwidget">
	<h2 class="title" style="text-align: center;"><span class="lead solid-color"><span style="color: #ff6600;">TRADITIES</span> <span style="color: #993366;">-</span></span><span style="color: #993366;">&nbsp;FEESTDAGEN</span></h2>
</div>
</div></div></div></div></div><div id="pg-2714-4"  class="panel-grid panel-no-style" ><div id="pgc-2714-4-0"  class="panel-grid-cell" ></div><div id="pgc-2714-4-1"  class="panel-grid-cell" ><div id="panel-2714-4-1-0" class="so-panel widget widget_sow-editor panel-first-child" data-index="10" ><div
			
			class="so-widget-sow-editor so-widget-sow-editor-base"
			
		><h3 class="widget-title">Festiviteiten in Valencia</h3>
<div class="siteorigin-widget-tinymce textwidget">
	<p>Vanaf maart tot en met oktober zijn er vele festivals en evenementen in Valencia: een festival met Andalusische paarden en Flamenco muziek, een tapas- en wijnfestival en het juli-festival met onder andere veel openluchtconcerten (sommige zijn gratis).<br />
Het grootste en bekendste feest&nbsp; is Las Fallas. Duizenden mensen van over de hele wereld bezoeken de stad om dit fantastische, bizarre evenement mee te maken. Overal in de stad vind je muziekoptredens, dj’s, paella-kookwedstrijden, churros en héél véél vuurwerk. In het weekend zijn er veel optochten met verschillende thema’s, die worden afgesloten met mascletas en vuurwerk.<br />
&nbsp;</p>
</div>
</div></div><div id="panel-2714-4-1-1" class="so-panel widget widget_sow-button panel-last-child" data-index="11" ><div
			
			class="so-widget-sow-button so-widget-sow-button-flat-f54c0409268f-2714"
			
		><div class="ow-button-base ow-button-align-center">
			<a
					href="https://www.fallasfestival.nl/"
					class="sowb-button ow-icon-placement-left ow-button-hover" target="_blank" rel="noopener noreferrer" 	>
		<span>
			
			Lees meer Las Fallas		</span>
			</a>
	</div>
</div></div></div></div></div>
